(-7).
5, 163
Suppose 2*h - 11*h = -5634. What are the prime factors of h?
2, 313
Let u(x) = -62*x**3 + 2*x**2 - 2*x + 1. Let s be u(1). List the prime factors of (1 + -2)/(1/s).
61
Let d = -84 + 48. Let q = d + 116. List the prime factors of q.
2, 5
Let x(a) = a**2 + 3*a + 4. Let y be x(-2). Suppose 0 = -3*m + 4 + y. Suppose -c = m*p - 21 - 49, -2*p = -2*c - 70. What are the prime factors of p?
5, 7
What are the prime factors of 8 - (-7 + -677) - -3?
5, 139
Let k(y) = -6*y**2 - y. Let c be k(-1). Let n be -7 - c - (-3 + -58). Suppose 0 = -q + 8*m - 3*m + 55, 0 = q - 3*m - n. List the prime factors of q.
5, 13
What are the prime factors of (-102)/(-170) + (-4221)/(-15)?
2, 3, 47
Suppose 0 = 4*i - 2 - 2. Let j be 31 - (i + -2 + -1). Let o = j - -37. What are the prime factors of o?
2, 5, 7
Let f(u) = -3*u**3 - 16*u**2 + 2*u - 2. Let b(p) = p**3 + p**2 + p - 1. Let c(i) = -2*b(i) - f(i). List the prime factors of c(-14).
2, 3, 5
Let g = 1 - -2. Let a(d) = -3*d**3 + 6*d**2 - 17*d - 2. Let r(l) = l**3 - 3*l**2 + 8*l + 1. Let o(c) = -2*a(c) - 5*r(c). What are the prime factors of o(g)?
5, 7
Let v(i) = i**2 - 8*i + 8. Let u be v(7). Let w be ((-4)/(-3))/(u/15). Suppose 53 = 4*j + 5*t, 4*j - 4*t - 24 = w. What are the prime factors of j?
2, 3
Suppose b - 9 = -5*x, 20 = 4*x - 0*b + 4*b. List the prime factors of 108 - 0/4*1/x.
2, 3
Let y = -16 - 19. Let h be 460/y - 2/(-14). List the prime factors of h*(-2 - -1)*1.
13
Let u(b) = 9*b**2 + 3*b**3 - 4 - 3 - 13*b + 8. Let i(y) = 4*y**3 + 9*y**2 - 13*y. Let g(t) = -2*i(t) + 3*u(t). What are the prime factors of g(-10)?
3, 11
Let i = -9 + 3. Let a be (-13)/(-3) + i/18. Suppose 5*k = -a*t + 76, 4*k = 2*k + 2*t + 16. What are the prime factors of k?
2, 3
Let h(r) = 9*r - 5. Let c(a) = 11*a - 7. Let b be c(3). Suppose 2*k - 10 = -0*k, n + 4*k = b. What are the prime factors of h(n)?
7
Suppose -2*f + 46 + 228 = 5*t, -168 = -3*t - 3*f. List the prime factors of t.
2, 3
Let j(n) = 15*n**2 + 8*n - 8. Let b(v) = -v**2 - v + 1. Let t(u) = 6*b(u) + j(u). Let m(w) = 7*w + 131. Let z be m(-19). What are the prime factors of t(z)?
2, 3, 5
Let o(c) = -2*c**2 - 36*c + 34. List the prime factors of o(-16).
2, 7
Let i(v) = v**3 - 2*v**2 - 9*v + 17. What are the prime factors of i(0)?
17
Let t be (-530)/(-15)*36/(-2). List the prime factors of ((-1)/2)/(3*2/t).
53
What are the prime factors of (-2026)/((-19)/24 - 1/(-8))?
3, 1013
Let h be (-16)/(-4)*(-535)/4. Let f be 12/20 + h/(-25). Suppose 18 + f = l. List the prime factors of l.
2, 5
Suppose -7*d = d - 8864. List the prime factors of d.
2, 277
Let j = -156 + 221. Suppose 5 = f - j. List the prime factors of f.
2, 5, 7
Suppose r - 2812 = 4*p, 4*r = -2*p + 4327 + 6831. What are the prime factors of r?
2, 349
What are the prime factors of 101251/95 + (-24)/(-20)?
11, 97
Let a be 0 + 1 + 3 - 2. Suppose a*s - 16 = 74. Suppose 0 = -3*c - 0 + s. List the prime factors of c.
3, 5
Let l be (-4560)/(-64) - 2/8. Let p be (78/4)/(4/(-8)). Let d = p + l. List the prime factors of d.
2
Let c(b) = 4*b**3 + 2*b**2 - 2*b - 4. Let n be c(4). Suppose -5*r - 149 + 517 = -4*a, -5*r - n = 3*a. List the prime factors of -2*a/16*2.
23
Let y = -10 + 4. Let t(w) = w**3 + 7*w**2 + 7*w + 8. Let b be t(y). What are the prime factors of 2*((-82)/(-4) - b)?
37
Let a = 342 - 96. What are the prime factors of a?
2, 3, 41
Let s be -1 - (-12)/(2 + -1). Suppose -10*j - 105 = -s*j. Suppose j = 2*z + 3*z. List the prime factors of z.
3, 7
Suppose 3*r + 0*r - 243 = 0. Let o = r - -52. List the prime factors of o.
7, 19
Let b = -151 + 91. Let y = 160 + b. List the prime factors of y.
2, 5
Suppose 2*f + 2*f - 4080 = 0. What are the prime factors of f?
2, 3, 5, 17
Let a(v) = -9*v**2 - 6*v + 38. Let w(m) = 16*m**2 + 11*m - 76. Let t(j) = -7*a(j) - 4*w(j). Let n = -3 + 3. What are the prime factors of t(n)?
2, 19
Suppose -11*x = -2*x - 8244. List the prime factors of x.
2, 229
Suppose 3181 = 4*k + k + q, -2*k - 5*q = -1254. What are the prime factors of k?
7, 13
Let k(n) = -n - 19. Let w(z) = -2*z - 20. Let m = 2 + 4. Let f(s) = m*k(s) - 5*w(s). List the prime factors of f(10).
2, 13
Let r(z) be the first derivative of 4*z**3/3 + z**2 + z + 19. Suppose -2*h - b = -7*h + 12, -2*b = -h + 6. What are the prime factors of r(h)?
3, 7
Let u(x) = -14*x - 8. Let r(w) = -w**2. Let h(l) = r(l) - u(l). List the prime factors of h(5).
53
Suppose 3*f + 4 = 16. Suppose f*j = 5*h + 656, -2*j - 2*h + 50 = -260. What are the prime factors of j?
3, 53
Let z(n) = -2*n + 16. Let p(b) = b. Let a(l) = 5*p(l) + z(l). Let j be a(-7). Let h(s) = s**3 + 5*s**2 - 5*s - 7. List the prime factors of h(j).
2, 3
List the prime factors of 1535 - 1/(7/42).
11, 139
Suppose -2*r = -5*h - 1098, 3*r - 34 = -4*h - 917. Let v = -95 - h. List the prime factors of v.
5
Let x = -151 - -319. Suppose -o = 3*z - 252, -7*o + 3*o = 2*z - x. List the prime factors of z.
2, 3, 7
Suppose 4*c - 5*b + 0*b = 2360, -b + 2979 = 5*c. List the prime factors of c.
5, 7, 17
Let m(c) = -10*c**2 - 3*c - 6 - 8*c - c**3 + 2*c**3 + c. List the prime factors of m(11).
5
Let g = -18 - -13. Let o(y) = 4*y**2 - 8*y - 13. Let k(c) = -2*c**2 + 4*c + 7. Let m(i) = -5*k(i) - 2*o(i). What are the prime factors of m(g)?
61
Suppose 0 = 5*p - 3*p - 4. Suppose 5*a + 207 = p*a. Let s = 98 + a. List the prime factors of s.
29
Let t(s) = 2*s**3 + 3*s**2 + 4*s + 3. Let x be t(4). Suppose -2*a + 4*a - x = 5*k, 4*a - 5*k = 395. List the prime factors of a.
2, 5
Suppose 3*c - 4*q + 2 - 18 = 0, -5*c + 15 = 5*q. Suppose -4*d - c*b = -424, -3*b - 1 = 2. List the prime factors of d.
107
Suppose -2*u - 148 - 26 = 0. Let j = -38 - u. List the prime factors of j.
7
Suppose -5*z - 5785 = -24*n + 22*n, -4*n + 2*z = -11578. What are the prime factors of n?
3, 5, 193
Let i be 188/12*(4 - 1) + 1. Suppose m = -1 + i. What are the prime factors of m?
47
Suppose -x = -0 - 4. Suppose 5*i + 3*t = -3, -i + 2*t = -x*i - 2. Suppose -2*m + 18 + 12 = i. List the prime factors of m.
3, 5
Let u(g) = 5*g**3 - 2*g**2 + g. Let k be u(1). Suppose 0 = -k*v + 21 - 9. Suppose -3*y = -5*o - 29, 3*y - v*o = -y + 46. What are the prime factors of y?
13
Suppose -l + 26 = 5*m, -l = -7*m + 4*m + 22. Let q(k) = -2*k + 7*k**2 + 14*k**2 - 20*k**2 - 6. List the prime factors of q(m).
2, 3
Suppose -14*k = -10*k + 980. Let f = k - -351. List the prime factors of f.
2, 53
Let b(u) = -3099*u**3 + 2*u**2 + u. What are the prime factors of b(-1)?
2, 5, 31
Let a = 15 - 30. Let b be ((-2)/(-6))/(a/(-90)). Suppose b*h = 42 - 4. List the prime factors of h.
19
Let q(v) be the second derivative of -13*v**3/6 - 2*v**2 + 13*v + 1. Suppose 4*g - 13 = -4*w - g, 24 = -3*w + 3*g. What are the prime factors of q(w)?
5, 7
Let z be (-16 - 14)*2/5. Let c(v) = -v**3 - 11*v**2 + 9*v - 10. List the prime factors of c(z).
2, 13
Suppose 2*w = 13 - 5. Suppose -w*s = 4*d + 72, 6*s = 2*s + 4*d - 96. What are the prime factors of 2/(-6) - 574/s?
3
Let t = 20 + -16. Let o = 36 + t. Suppose 5*f - 4*z - 54 = 0, 0 = f + 3*f - 4*z - o. List the prime factors of f.
2, 7
Suppose 2*d + 6*f - 8*f = 2106, 2094 = 2*d - 5*f. What are the prime factors of d?
7, 151
Let d(m) = -3*m - 3. Let o be d(-3). Let t = -8 - o. Let w(x) = -x + 4. What are the prime factors of w(t)?
2, 3
Suppose -2*k = -2*p + 26, 0 = -0*k - 4*k - 20. Suppose p*d - 416 = 4*d. What are the prime factors of d?
2, 13
Let h(s) = -s**2 - 18*s - 13. Let w be (2 - (0 + 1)) + 364/(-26). List the prime factors of h(w).
2, 13
Suppose -49 = -2*h - 21. Let i be 4/2 - (h - 12). Suppose s - 3 = -i. What are the prime factors of s?
3
Let p be (-1 + 8)/(5 + -6). Let w be p/3 + 3/9. What are the prime factors of (-1)/w + (-135)/(-6)?
23
Suppose -44 = -4*m + 56. Suppose 0 = -3*q - 5*c + 25, m = -q + 4*c + c. Suppose -2*k + 19 + 75 = q. What are the prime factors of k?
47
Suppose -3*r = 5*i - 10467, -5*i + 10465 = 7*r - 2*r. List the prime factors of i.
2, 3, 349
Let v be 3/(-4) + (-3)/12. Let t be v/((-65)/20 - -3). Suppose 6*o = t*o + 70. List the prime factors of o.
5, 7
Let m(y) = -3*y - 11. Let s = -15 + 8. Let x be m(s). Let p = 13 - x. List the prime factors of p.
3
Let q be ((-9)/27)/((-1)/6). Suppose 0 = -3*n + 5*k + 123, 4*n - 6*k + q*k - 156 = 0. What are the prime factors of (n/42)/(2/168)?
2, 3
Suppose 3*z = 5